 the prime factors of 48945232.
2, 7, 437011
What are the prime factors of 854454671?
7, 2741, 44533
What are the prime factors of 2438632030?
2, 5, 41, 71, 83773
List the prime factors of 4559978846.
2, 8191, 278353
What are the prime factors of 122123605?
5, 24424721
List the prime factors of 1569883049.
7, 47, 103, 46327
List the prime factors of 2493440213.
11, 29, 7816427
What are the prime factors of 447900050?
2, 5, 13, 689077
List the prime factors of 129310471.
129310471
What are the prime factors of 2266724779?
11, 191, 1078879
What are the prime factors of 933390421?
139, 6715039
What are the prime factors of 52004715?
3, 5, 7, 223, 2221
What are the prime factors of 1788579625?
5, 7, 43, 6791
What are the prime factors of 166226415?
3, 5, 11081761
List the prime factors of 38501484.
2, 3, 7, 307, 1493
List the prime factors of 338409811.
131, 839, 3079
What are the prime factors of 121451773?
10789, 11257
List the prime factors of 46330586.
2, 37, 53, 11813
What are the prime factors of 2532513873?
3, 844171291
What are the prime factors of 286771?
286771
List the prime factors of 310884416.
2, 4857569
List the prime factors of 4663262.
2, 233, 10007
What are the prime factors of 433445393?
433445393
What are the prime factors of 71527221?
3, 7947469
What are the prime factors of 524754229?
643, 816103
What are the prime factors of 37568299?
2333, 16103
What are the prime factors of 862260127?
53, 16269059
List the prime factors of 113639584.
2, 61, 58217
What are the prime factors of 69282175?
5, 83, 173, 193
List the prime factors of 685878200.
2, 5, 7, 489913
What are the prime factors of 212801004?
2, 3, 13, 137, 3319
List the prime factors of 481173743.
16103, 29881
List the prime factors of 677814240.
2, 3, 5, 127, 11119
What are the prime factors of 21470243?
21470243
List the prime factors of 700850831.
103, 6804377
List the prime factors of 864619259.
7, 17645291
List the prime factors of 1906082625.
3, 5, 5082887
What are the prime factors of 890405560?
2, 5, 11, 29, 31, 2251
What are the prime factors of 3831655865?
5, 766331173
List the prime factors of 7651467525.
3, 5, 13, 17, 461627
What are the prime factors of 12599357?
107, 117751
What are the prime factors of 67468054?
2, 79, 427013
List the prime factors of 192044805.
3, 5, 12802987
List the prime factors of 95269175.
5, 3810767
List the prime factors of 175697706.
2, 3, 29282951
List the prime factors of 242747706.
2, 3, 40457951
What are the prime factors of 156890210?
2, 5, 2729, 5749
What are the prime factors of 1362744296?
2, 19, 23, 107, 3643
List the prime factors of 185499886.
2, 11, 13, 17, 38153
What are the prime factors of 3039160383?
3, 7, 41, 1176601
List the prime factors of 1661792979.
3, 7, 11, 1289, 5581
List the prime factors of 338720644.
2, 37, 67, 34159
List the prime factors of 465509388.
2, 3, 53, 731933
What are the prime factors of 225911004?
2, 3, 11, 1711447
What are the prime factors of 13705011?
3, 507593
List the prime factors of 369116654.
2, 389, 474443
What are the prime factors of 238920630?
2, 3, 5, 13, 19, 1697
List the prime factors of 5927690432.
2, 107, 865609
List the prime factors of 856012677.
3, 13, 239, 91837
What are the prime factors of 6959207306?
2, 809, 4301117
What are the prime factors of 73770520?
2, 5, 1844263
What are the prime factors of 4011824361?
3, 1337274787
List the prime factors of 1492800984.
2, 3, 29, 714943
What are the prime factors of 3352278861?
3, 11807, 31547
What are the prime factors of 161220484?
2, 40305121
What are the prime factors of 55128389?
137, 349, 1153
List the prime factors of 555120128.
2, 1084219
List the prime factors of 7517085116.
2, 27733, 67763
What are the prime factors of 23021944?
2, 11, 17, 1399
What are the prime factors of 602252757?
3, 66916973
What are the prime factors of 1559752044?
2, 3, 129979337
List the prime factors of 200982315.
3, 5, 353, 37957
List the prime factors of 2562509189.
23, 111413443
List the prime factors of 11621154.
2, 3, 1936859
What are the prime factors of 661842933?
3, 220614311
What are the prime factors of 524749733?
19, 27618407
What are the prime factors of 54534768?
2, 3, 137, 8293
What are the prime factors of 542287584?
2, 3, 101, 103, 181
What are the prime factors of 7823413?
13, 601801
What are the prime factors of 421583005?
5, 29, 2907469
List the prime factors of 407866233.
3, 59, 83, 27763
What are the prime factors of 835598381?
835598381
What are the prime factors of 362994306?
2, 3, 787, 76873
List the prime factors of 24635084.
2, 6158771
What are the prime factors of 53590310?
2, 5, 193, 27767
What are the prime factors of 270630787?
7, 38661541
What are the prime factors of 915119178?
2, 3, 11699, 13037
List the prime factors of 243966167.
17, 281, 51071
List the prime factors of 4145257138.
2, 11, 109, 15859
What are the prime factors of 10062662?
2, 31, 109, 1489
List the prime factors of 445623573.
3, 8297, 17903
What are the prime factors of 190814573?
1163, 164071
List the prime factors of 60934530.
2, 3, 5, 31, 65521
What are the prime factors of 136564976?
2, 947, 9013
List the prime factors of 208926497.
13, 2339, 6871
List the prime factors of 354055489.
354055489
List the prime factors of 570880923.
3, 139, 1369019
What are the prime factors of 60479370?
2, 3, 5, 7, 17, 5647
List the prime factors of 1000554160.
2, 5, 41, 305047
List the prime factors of 168015402.
2, 3, 283, 32983
What are the prime factors of 1748859162?
2, 3, 1277, 228251
What are the prime factors of 189417813?
3, 13, 53, 91639
What are the prime factors of 91756560?
2, 3, 5, 7, 54617
List the prime factors of 47161353.
3, 15720451
What are the prime factors of 36559074?
2, 3, 6093179
What are the prime factors of 4330669748?
2, 1082667437
List the prime factors of 87223690.
2, 5, 53, 199, 827
List the prime factors of 3324227084.
2, 831056771
List the prime factors of 212081436.
2, 3, 7, 23, 12197
What are the prime factors of 228080914?
2, 4789, 23813
What are the prime factors of 17631372?
2, 3, 11, 133571
What are the prime factors of 628097061?
3, 67, 3124861
List the prime factors of 4856964.
2, 3, 7, 67, 863
List the prime factors of 4114024093.
4114024093
List the prime factors of 8384881480.
2, 5, 209622037
What are the prime factors of 15299458?
2, 109, 70181
What are the prime factors of 872902628?
2, 13, 41, 409429
List the prime factors of 2030179777.
33829, 60013
What are the prime factors of 1068858639?
3, 1163, 34039
List the prime factors of 90556202.
2, 11, 227, 18133
What are the prime factors of 1962309227?
19, 103279433
List the prime factors of 59242538.
2, 2467, 12007
What are the prime factors of 295479687?
3, 98493229
List the prime factors of 57827799.
3, 127, 50593
What are the prime factors of 241412401?
10937, 22073
What are the prime factors of 33680438?
2, 11, 43, 35603
List the prime factors of 106388681.
7, 1583, 9601
What are the prime factors of 388962705?
3, 5, 1559, 16633
List the prime factors of 59200429.
4049, 14621
List the prime factors of 132234162.
2, 3, 461, 47807
What are the prime factors of 156085616?
2, 9755351
List the prime factors of 95774880.
2, 3, 5, 61, 3271
What are the prime factors of 2272026332?
2, 31, 151, 121343
What are the prime factors of 26708796?
2, 3, 23, 32257
What are the prime factors of 3194473229?
3194473229
List the prime factors of 264407179.
11969, 22091
List the prime factors of 48810599.
151, 323249
List the prime factors of 1636046012.
2, 409011503
List the prime factors of 11541121.
53, 71, 3067
List the prime factors of 91933505.
5, 59, 179, 1741
List the prime factors of 2291839585.
5, 7, 43, 251, 6067
List the prime factors of 183340926.
2, 3, 10185607
List the prime factors of 298445800.
2, 5, 43, 34703
List the prime factors of 33316750.
2, 5, 71, 1877
List the prime factors of 9852567.
3, 89, 36901
What are the prime factors of 26898954?
2, 3, 4483159
List the prime factors of 118756711.
29, 4095059
List the prime factors of 1698027815.
5, 11, 19, 73, 22259
What are the prime factors of 14398214?
2, 7199107
List the prime factors of 940692252.
2, 3, 43, 1823047
What are the prime factors of 4939818313?
1549, 3189037
What are the prime factors of 1